{"id":211,"date":"2025-01-17T09:57:54","date_gmt":"2025-01-17T09:57:54","guid":{"rendered":"https:\/\/imkerverein-moosburg.de\/wordpress\/?page_id=211"},"modified":"2025-02-02T11:09:48","modified_gmt":"2025-02-02T11:09:48","slug":"datenschutz","status":"publish","type":"page","link":"https:\/\/imkerverein-moosburg.de\/wordpress\/?page_id=211","title":{"rendered":"Datenschutz"},"content":{"rendered":"\n<p>Die Imkerverein Moosburg e.V. nimmt den Schutz Ihrer pers\u00f6nlichen Daten sehr ernst und h\u00e4lt sich strikt an die Regeln der Datenschutzgesetze. Personenbezogene Daten werden auf dieser Webseite nur im technisch notwendigen Umfang erhoben. Neben dem Imkerverein Moosburg und Umgebung e. V. erh\u00e4lt der Landesverband Bayerischer Imker e. V. (LVBI) die erhobenen Daten des Neumitglieder-Online-Formulars. Der LVBI gibt diese Daten wegen der Imkerglobalversicherung an die Versicherung &#8222;Gaede &amp; Glauerdt Assecuradeur GmbH &amp; Co. KG&#8220; weiter. In keinem Fall verkauft der Imkerverein Moosburg und Umgebung e. V. die erhobenen Daten oder gibt sie aus anderen Gr\u00fcnden an Dritte weiter.<\/p>\n\n\n\n<p>Die nachfolgende Erkl\u00e4rung gibt Ihnen einen \u00dcberblick dar\u00fcber, wie wir diesen Schutz gew\u00e4hrleisten und welche Art von Daten zu welchem Zweck erhoben werden.<\/p>\n\n\n\n<p>Bedenken Sie, dass die Daten\u00fcbertragung im Internet grunds\u00e4tzlich mit Sicherheitsl\u00fccken bedacht sein kann. Ein vollumf\u00e4nglicher Schutz vor dem Zugriff durch Fremde ist nicht realisierbar.<\/p>\n\n\n\n<h4 class=\"wp-block-heading\">Zugriffsdaten<\/h4>\n\n\n\n<p>Im Zuge Ihres Besuchs unserer Webseite erheben wir Daten \u00fcber Zugriffe auf die Seite und speichern diese als \u201eServer-Logfiles\u201c ab. Folgende Daten werden protokolliert: Datum und Uhrzeit des Aufrufs, Name der abgerufenen Website, Meldung \u00fcber erfolgreichen Abruf (Statuscode), \u00fcbertragene Datenmenge, verwendete Browsersoftware, inklusive Version, (sog. User Agent) die von Ihnen zuvor besuchte Website (sog. Referrer URL) sowie die IP-Adresse in anonymisierter Form Diese Daten werden ausschlie\u00dflich zur Verbesserung unseres Angebotes ausgewertet und erlauben keinerlei R\u00fcckschl\u00fcsse auf Ihre Person. Der Websitebetreiber beh\u00e4lt sich allerdings vor, die Server-Logfiles nachtr\u00e4glich zu \u00fcberpr\u00fcfen, sollten konkrete Anhaltspunkte auf eine rechtswidrige Nutzung hinweisen.<\/p>\n\n\n\n<h4 class=\"wp-block-heading\">Umgang mit personenbezogenen Daten<\/h4>\n\n\n\n<p>Eine Erhebung, Verarbeitung und Speicherung Ihrer pers\u00f6nlichen Daten erfolgt nur, wenn Sie uns diese freiwillig mitgeteilt haben, z. B. bei der Beantragung der Mitgliedschaft, bei der Registrierung f\u00fcr den Mitgliederbereich oder wenn Sie uns \u00fcber unser Online-Kontaktformular kontaktieren. Dabei nutzen wir ihre Daten nur im gesetzlich erlaubten Rahmen, oder wenn Sie in die Datenerhebung einwilligen (Art. 6 Abs. 1 DSGVO).<\/p>\n\n\n\n<p>Als personenbezogene Daten gelten s\u00e4mtliche Informationen, welche dazu dienen, Ihre Person zu bestimmen und welche zu Ihnen zur\u00fcckverfolgt werden k\u00f6nnen, also beispielsweise Ihr Name, Ihre E-Mail-Adresse und Telefonnummer. Neben dem Imkerverein Moosburg und Umgebung e. V. erh\u00e4lt der Landesverband Bayerischer Imker e. V. die Daten, der sie wegen der Imkerglobalversicherung an die Versicherung &#8222;Gaede &amp; Glauerdt Assecuradeur GmbH &amp; Co. KG&#8220; weitergibt.<\/p>\n\n\n\n<p>Daten, die au\u00dferhalb der Onlineformulare (z. B. Neumitgliederformular oder Registrierung Mitgliederbereich) gespeichert werden, werden ausschlie\u00dflich zur Verbesserung unseres Angebotes ausgewertet und erlauben keinerlei R\u00fcckschl\u00fcsse auf Ihre Person. Der Websitebetreiber beh\u00e4lt sich allerdings vor, die Server-Logfiles nachtr\u00e4glich zu \u00fcberpr\u00fcfen, sollten konkrete Anhaltspunkte auf eine rechtswidrige Nutzung hinweisen.Die Daten, die im Neumitgliederformular oder zur Registrierung im Mitgliederbereich eingegeben werden, werden wie \u00fcblich in Datenbanken gespeichert.<\/p>\n\n\n\n<h4 class=\"wp-block-heading\">Cookies<\/h4>\n\n\n\n<p>Die Internetseiten verwenden teilweise so genannte Cookies. Cookies richten auf Ihrem Rechner keinen Schaden an und enthalten keine Viren. Cookies dienen dazu, unser Angebot nutzerfreundlicher, effektiver und sicherer zu machen. Cookies sind kleine Textdateien, die auf Ihrem Rechner abgelegt werden und die Ihr Browser speichert.<\/p>\n\n\n\n<p>Die meisten der von uns verwendeten Cookies sind so genannte \u201eSession-Cookies\u201c. Sie werden nach Ende Ihres Besuchs automatisch gel\u00f6scht. Andere Cookies bleiben auf Ihrem Endger\u00e4t gespeichert, bis Sie diese l\u00f6schen. Diese Cookies erm\u00f6glichen es uns, Ihren Browser beim n\u00e4chsten Besuch wiederzuerkennen. Sofern durch einzelne von uns implementierte Cookies auch personenbezogene Daten verarbeitet werden, erfolgt die Verarbeitung gem\u00e4\u00df Art. 6 Abs. 1 lit. f DSGVO zur Wahrung unserer berechtigten Interessen an der bestm\u00f6glichen Funktionalit\u00e4t der Website sowie einer kundenfreundlichen und effektiven Ausgestaltung des Seitenbesuchs.<\/p>\n\n\n\n<p>Sie k\u00f6nnen Ihren Browser so einstellen, dass Sie \u00fcber das Setzen von Cookies informiert werden und Cookies nur im Einzelfall erlauben, die Annahme von Cookies f\u00fcr bestimmte F\u00e4lle oder generell ausschlie\u00dfen sowie das automatische L\u00f6schen der Cookies beim Schlie\u00dfen des Browser aktivieren. Bei der Deaktivierung von Cookies kann die Funktionalit\u00e4t dieser Website eingeschr\u00e4nkt sein.<\/p>\n\n\n\n<h4 class=\"wp-block-heading\">Umgang mit Kontaktdaten<\/h4>\n\n\n\n<p>Wenn Sie uns per Kontaktformular Anfragen zukommen lassen, werden Ihre Angaben aus dem Anfrageformular inklusive der von Ihnen dort angegebenen Kontaktdaten zwecks Bearbeitung der Anfrage und f\u00fcr den Fall von Anschlussfragen bei uns gespeichert. Diese Daten geben wir nicht ohne Ihre Einwilligung weiter.<\/p>\n\n\n\n<p>Die Verarbeitung der in das Kontaktformular eingegebenen Daten erfolgt somit ausschlie\u00dflich auf Grundlage Ihrer Einwilligung (Art. 6 Abs. 1 lit. a DSGVO). Sie k\u00f6nnen diese Einwilligung jederzeit widerrufen. Dazu reicht eine formlose Mitteilung per E-Mail an uns. Die Rechtm\u00e4\u00dfigkeit der bis zum Widerruf erfolgten Datenverarbeitungsvorg\u00e4nge bleibt vom Widerruf unber\u00fchrt.<\/p>\n\n\n\n<p>Die von Ihnen im Kontaktformular eingegebenen Daten verbleiben bei uns, bis Sie uns zur L\u00f6schung auffordern, Ihre Einwilligung zur Speicherung widerrufen oder der Zweck f\u00fcr die Datenspeicherung entf\u00e4llt (z. B. nach abgeschlossener Bearbeitung Ihrer Anfrage). Zwingende gesetzliche Bestimmungen, insbesondere Aufbewahrungsfristen, bleiben unber\u00fchrt.<\/p>\n\n\n\n<p>Nehmen Sie per E-Mail Verbindung mit uns auf, speichern wir Ihre Angaben zur Bearbeitung und Beantwortung Ihrer Anfragen. Ohne Ihre Einwilligung werden diese Daten nicht an Dritte weitergegeben.<\/p>\n\n\n\n<h4 class=\"wp-block-heading\">Erhalt von Infomails<\/h4>\n\n\n\n<p>Als Interessent haben Sie die M\u00f6glichkeit von uns Informationsmails zu Veranstaltungen und aktuellen Themen zu erhalten. Dabei wird Ihre Einwilligung (Art. 6 Abs. 1 lit. a DSGVO) eingeholt.<\/p>\n\n\n\n<p>Sie haben jederzeit die M\u00f6glichkeit diese Einwilligung zu widerrufen. Hierf\u00fcr schreiben Sie uns eine E-Mail mit Ihrem Widerruf.<\/p>\n\n\n\n<h4 class=\"wp-block-heading\">Links<\/h4>\n\n\n\n<p>Die Internetseite des Imkervereins Moosburg e. V. kann Links zu anderen Anbietern enthalten, auf die sich unsere Datenschutzbestimmungen nicht erstrecken.<\/p>\n\n\n\n<h4 class=\"wp-block-heading\">Verantwortliche Stelle<\/h4>\n\n\n\n<p>Verantwortliche Stelle f\u00fcr die Erhebung, Verarbeitung und Nutzung Ihrer personenbezogenen Daten im Sinne der DSGVO ist:Imkerverein Moosburg und Umgebung e.V.<br>Andrea Weighardt<br>E.mail:\u00a0<a href=\"https:\/\/imkerverein-moosburg.de\/kontakt.html\">Kontaktformular<\/a><\/p>\n\n\n\n<p>Verantwortliche Stelle ist die nat\u00fcrliche oder juristische Person, die allein oder gemeinsam mit anderen \u00fcber die Zwecke und Mittel der Verarbeitung von personenbezogenen Daten (z.B. Namen, E-Mail-Adressen o. \u00c4.) entscheidet.<\/p>\n\n\n\n<h4 class=\"wp-block-heading\">Rechte des Betroffenen<\/h4>\n\n\n\n<p>Als Betroffener gew\u00e4hrt Ihnen das geltende Datenschutzrecht umfassende Betroffenenrechte, \u00fcber die wir Sie nachstehend informieren:<\/p>\n\n\n\n<p>Auskunftsrecht (Artikel 15 DSGVO)<\/p>\n\n\n\n<p><strong>Sie haben das Recht auf Auskunft \u00fcber alle von uns verarbeiteten personenbezogenen Daten, die Verarbeitungszwecke, die Empf\u00e4nger, gegen\u00fcber denen Ihre Daten offengelegt wurden oder werden, die geplante Speicherdauer bzw. Kriterien f\u00fcr deren Festlegung sowie<\/strong>&nbsp;Herkunft Ihrer Daten, wenn diese nicht durch uns bei Ihnen erhoben wurden.<\/p>\n\n\n\n<p>Weiter haben Sie das Recht auf L\u00f6schung, Einschr\u00e4nkung der Verarbeitung, Widerspruch gegen die Verarbeitung sowie ein Beschwerderecht bei einer Aufsichtsbeh\u00f6rde.<\/p>\n\n\n\n<p>Recht auf Berichtigung (Artikel 16 DSGVO)<\/p>\n\n\n\n<p>Sie haben jederzeit das Recht auf Berichtigung bzw. Vervollst\u00e4ndigung der \u00fcber Sie bei uns gespeicherten Informationen.<\/p>\n\n\n\n<p>Recht auf L\u00f6schung (Artikel 17 DSGVO)<\/p>\n\n\n\n<p>Sie haben das Recht auf L\u00f6schung Ihrer Daten bei Vorliegen der Voraussetzungen des Art. 17 Abs. 1 DSGVO zu verlangen. Dieses Recht besteht jedoch insbesondere dann nicht, wenn die Verarbeitung zur Aus\u00fcbung des Rechts auf freie Meinungs\u00e4u\u00dferung und Information, zur Erf\u00fcllung einer rechtlichen Verpflichtung, aus Gr\u00fcnden des \u00f6ffentlichen Interesses oder zur Geltendmachung, Aus\u00fcbung oder Verteidigung von Rechtsanspr\u00fcchen erforderlich ist.<\/p>\n\n\n\n<p>Recht auf Einschr\u00e4nkung (Artikel 18 DSGVO)<\/p>\n\n\n\n<p>Sie haben das Recht eine Einschr\u00e4nkung der Verarbeitung Ihrer Daten zu verlangen, sollten Zweifel an der Richtigkeit Ihrer Daten bestehen, die Verarbeitung unrechtm\u00e4\u00dfig ist, oder Ihre Daten nicht mehr l\u00e4nger f\u00fcr die Zwecke der Verarbeitung ben\u00f6tigt werden.<\/p>\n\n\n\n<p>Recht auf Unterrichtung (Artikel 19 DSGVO)<\/p>\n\n\n\n<p>Haben Sie das Recht auf Berichtigung, L\u00f6schung oder Einschr\u00e4nkung der Verarbeitung gemacht, sind wir verpflichtet, allen Empf\u00e4ngern, denen wir Sie betreffenden personenbezogene Daten offengelegt haben, diese Berichtigung oder L\u00f6schung der Daten oder Einschr\u00e4nkung der Verarbeitung mitzuteilen, es sei denn, dies erweist sich als unm\u00f6glich oder ist mit einem unverh\u00e4ltnism\u00e4\u00dfigen Aufwand verbunden. Ihnen steht das Recht zu, \u00fcber diese Empf\u00e4nger unterrichtet zu werden.<\/p>\n\n\n\n<p>Recht auf Daten\u00fcbertragbarkeit (Art. 20 DSGVO)<\/p>\n\n\n\n<p>Sie haben das Recht, Ihre personenbezogenen Daten, die Sie uns bereitgestellt haben, in einem strukturierten, g\u00e4ngigen und maschinenlesebaren Format zu erhalten oder die \u00dcbermittlung an einen anderen Verantwortlichen zu verlangen, soweit dies technisch machbar ist.<\/p>\n\n\n\n<p>Recht auf Widerruf erteilter Einwilligung (Artikel 7 Abs. 3 DSGVO)<\/p>\n\n\n\n<p>Sie haben jederzeit das Recht, eine einmal erteilte Einwilligung in die Verarbeitung von Daten jederzeit mit Wirkung f\u00fcr die Zukunft zu widerrufen. Im Falle Ihres Widerrufs werden wir die betroffenen Daten unverz\u00fcglich l\u00f6schen, sofern dies keinen gesetzlichen Aufbewahrungsfristen entgegensteht oder eine weitere Verarbeitung nicht auf eine Rechtsgrundlage zur einwilligungslosen Verarbeitung gest\u00fctzt werden kann. Durch den Widerruf der Einwilligung wird die Rechtm\u00e4\u00dfigkeit, der bis zum Widerruf erfolgten Verarbeitung nicht ber\u00fchrt.<\/p>\n\n\n\n<p>Recht auf Beschwerde (Artikel 77 DSGVO)<\/p>\n\n\n\n<p>Wenn Sie der Ansicht sind, dass die Verarbeitung der Sie betreffenden personenbezogenen Daten gegen die DSGVO verst\u00f6\u00dft, haben Sie das Recht auf Beschwerde bei einer Aufsichtsbeh\u00f6rde, insbesondere in dem Mitgliedstaat Ihres Aufenthaltsortes, Ihres Arbeitsplatzes oder des Ortes des mutma\u00dflichen Versto\u00dfes.<\/p>\n","protected":false},"excerpt":{"rendered":"<p>Die Imkerverein Moosburg e.V. nimmt den Schutz Ihrer pers\u00f6nlichen Daten sehr ernst und h\u00e4lt sich strikt an die Regeln der Datenschutzgesetze. Personenbezogene Daten werden auf dieser Webseite nur im technisch notwendigen Umfang erhoben. Neben dem Imkerverein Moosburg und Umgebung e. V. erh\u00e4lt der Landesverband Bayerischer Imker e. V. (LVBI) die [&hellip;]<\/p>\n","protected":false},"author":1,"featured_media":0,"parent":0,"menu_order":0,"comment_status":"closed","ping_status":"closed","template":"","meta":[],"_links":{"self":[{"href":"https:\/\/imkerverein-moosburg.de\/wordpress\/index.php?rest_route=\/wp\/v2\/pages\/211"}],"collection":[{"href":"https:\/\/imkerverein-moosburg.de\/wordpress\/index.php?rest_route=\/wp\/v2\/pages"}],"about":[{"href":"https:\/\/imkerverein-moosburg.de\/wordpress\/index.php?rest_route=\/wp\/v2\/types\/page"}],"author":[{"embeddable":true,"href":"https:\/\/imkerverein-moosburg.de\/wordpress\/index.php?rest_route=\/wp\/v2\/users\/1"}],"replies":[{"embeddable":true,"href":"https:\/\/imkerverein-moosburg.de\/wordpress\/index.php?rest_route=%2Fwp%2Fv2%2Fcomments&post=211"}],"version-history":[{"count":2,"href":"https:\/\/imkerverein-moosburg.de\/wordpress\/index.php?rest_route=\/wp\/v2\/pages\/211\/revisions"}],"predecessor-version":[{"id":300,"href":"https:\/\/imkerverein-moosburg.de\/wordpress\/index.php?rest_route=\/wp\/v2\/pages\/211\/revisions\/300"}],"wp:attachment":[{"href":"https:\/\/imkerverein-moosburg.de\/wordpress\/index.php?rest_route=%2Fwp%2Fv2%2Fmedia&parent=211"}],"curies":[{"name":"wp","href":"https:\/\/api.w.org\/{rel}","templated":true}]}}